 of d?
7
Let a(c) = 20*c**3 - 3*c + 11. What is the tens digit of a(3)?
4
Let z(o) = 0*o - o + 5*o + 2*o - 2. Let p be z(3). Suppose -p = 3*h - 70. What is the tens digit of h?
1
Let p(s) = s**2 + 15*s + 53. Let q be p(-9). What is the tens digit of (4 - q)*(-485)/(-25)*1?
9
Let a(x) = x**3 - 8*x**2 + x - 3. Let o be a(8). What is the units digit of 126 - (9 - o - 4)?
6
Let q = 0 - -2. Let n(f) = 2*f - 2. Let y be n(q). Suppose -v - 4*x = 4*v - 80, y*v - 4 = 4*x. What is the tens digit of v?
1
Let z(n) = n**3 - 15*n**2 - 12*n + 3. Let f = -180 + 84. Let j be (f/(-18))/(2/6). What is the tens digit of z(j)?
6
Let y = 1592 - 1010. What is the units digit of y?
2
Let n = 857 + -157. What is the tens digit of n?
0
Suppose -w = 4*n - 2854, -5*w - 2*n = -5*n - 14155. What is the thousands digit of w?
2
Suppose -2*l + 42 = 3*p, 0 = 2*l + l + 5*p - 65. Suppose 4*z + l - 595 = 5*o, o = 2*z - 284. What is the units digit of z?
0
Suppose -3*j - 12*d + 2547 = -14*d, -3*j + 5*d = -2556. What is the hundreds digit of j?
8
Let q(g) = -g**3 + 10 + 4 - 22*g**2 + 58*g**2 - 26*g**2 - 2*g. Let h be q(10). Let k = h - -11. What is the units digit of k?
5
Suppose -3*z - 4 = -16. Suppose -5*s + 30 = -z*a, -a = 3*s - 3*a - 16. Suppose 53 = s*m + 4*v - 59, 4*m + 5*v = 218. What is the tens digit of m?
5
Let o = 584 - 294. What is the tens digit of (o/2)/((-24)/(-48))?
9
Suppose -l = -5*t + 5543, -3*l - 5539 = -67*t + 62*t. What is the thousands digit of t?
1
Suppose 0 = -4*z - 5*z + 72. Suppose z - 83 = -3*r. What is the units digit of r?
5
Suppose 0 = 3*q + 25 - 40. Suppose -4*t + 710 = 2*u - 8*t, q*u + t = 1742. What is the hundreds digit of u?
3
Let u(t) = 5 + 9*t - 2 - 3 + 5. What is the tens digit of u(6)?
5
Suppose o - 4*h = -0 - 7, -15 = -5*h. Let p(x) = 6 + 20 + x - o - 2*x. What is the units digit of p(11)?
0
Let c = 37 + -37. Suppose c = -7*v + 10*v - 123. Suppose -5*f - i + v = 0, 0 = -4*f - 2*i + 17 + 17. What is the units digit of f?
8
Let i(m) = 877*m**2 + 8*m - 5. What is the hundreds digit of i(1)?
8
Let w(j) = -j**3 + 19*j**2 - 11*j + 21. What is the hundreds digit of w(12)?
8
Suppose 4*m + d - 5722 = 180, -2944 = -2*m + 3*d. What is the thousands digit of m?
1
Let o be (-7)/(6/(-8) - (-4)/(-16)). Let i(n) = -n**3 + 8*n**2 + 3*n - 17. What is the units digit of i(o)?
3
Let x(p) = -4*p + 1. Let s be x(1). Suppose 2*z + 3*r = z - 125, 4*r - 568 = 5*z. What is the tens digit of 2/s - z/3?
3
Suppose -8*y = -5*y - 6. Let w(o) = -o**3 + 5*o**2 - o + 3. Let q be w(4). Suppose 2*v = -d + 32, -4*v + q = -y*d + 79. What is the units digit of d?
2
Suppose 3*f - 4498 = -p, -2*f - 5*p = -4*p - 3000. What is the tens digit of f?
9
Let d be (-1 + 1 + 1)*-18. Let c be 6/36 - 177/d. What is the units digit of (-287)/(-5) - 4/c?
7
Suppose 22 = s - 4*h, -4*s - 2*h + 44 = s. Suppose -x + 23 = -s. What is the units digit of x?
3
Let s(q) = -20*q**3 - 2*q**2 - q + 1. Let g be 24/16*(4/(-3) + 0). What is the units digit of s(g)?
5
Let f(v) = -v**2 + 21*v - 17. Let c be f(20). Suppose c*w - 2*a - 72 = 0, 3*w = -a - 0*a + 81. Suppose 4*p - w = 2. What is the units digit of p?
7
What is the hundreds digit of (22702/10 - -2) + (-315)/1575?
2
Let v be ((-8)/12)/(2/(-6)). Suppose 0*c + 3*c - 630 = 0. Suppose -c = -8*s + v*s. What is the units digit of s?
5
Let o(r) = -18*r**3 - r**2 + r + 1. Let i be o(-1). Let f be (4/(-5))/((-2)/10). Suppose -i = -k + j, -j = -f*j. What is the tens digit of k?
1
Let u(r) = 8*r**3 - 20*r**2 + 78*r - 16. What is the hundreds digit of u(5)?
8
What is the units digit of (-34960)/(-60) + 1/3?
3
Let p(k) = k**2 + 11*k + 19. What is the units digit of p(-10)?
9
Let d be 791/28 + (-2)/8. Let w be ((-35)/20)/((-1)/(-8)). Let t = d + w. What is the tens digit of t?
1
Suppose 0 = -x, 980 = 8*y - 6*y - 2*x. What is the hundreds digit of y?
4
Let x(y) = -12 - y**2 + 4*y - 4 + 6*y. What is the units digit of x(7)?
5
Let y be 3/((-12)/7)*4. Let s be (2 - 3)*1 - y. Suppose -s*o - x + 25 = -4*o, -31 = -2*o + 5*x. What is the tens digit of o?
1
Let v(n) = 40*n**3 - 2*n**2 + n. Let x be v(1). Suppose 9*r = 282 - x. What is the tens digit of r?
2
Let b(d) = d + 12. Let k be b(-10). Suppose k*v - 1290 = -3*v + 5*x, 0 = -3*v - 4*x + 795. What is the units digit of v?
1
Let r be (-1)/((-42)/8 + 5). Suppose 2*j - 1018 = -5*c, -j + r = -5*j. What is the hundreds digit of c?
2
Suppose 2*i + 0*i = -5*l + 54, 0 = 3*i - 6. What is the units digit of 18/l - 4/20*-1?
2
Let q = -201 + 309. What is the units digit of q?
8
What is the units digit of (-3 - 2) + (2 - 1 - -1228)?
4
Let y = -1336 - -2281. What is the hundreds digit of y?
9
Suppose 0 = -4*a - 0*a - 5*b + 14, -4*a + 18 = 3*b. Suppose -x = -0*x - a. Let s = x + 8. What is the tens digit of s?
1
What is the units digit of 3/15 - ((-1104160)/25)/8?
1
Let a(h) = h + 17. Let r be a(-15). Suppose -2*s = 2*f, r*f + 2*f + 3*s = 0. Suppose 5*k = -2*c + 149, 0 = -f*k - 4*k + 3*c + 133. What is the units digit of k?
1
Suppose w - 4*s - 98 = -0*s, 0 = 3*s + 12. Suppose k + w = 2*n - 21, 3*n - 153 = 3*k. What is the units digit of n?
2
Suppose -f = -2*f - 4, 2*f - 62 = 5*i. Let s = 19 + -38. Let h = i - s. What is the units digit of h?
5
Let p = 73 - -132. What is the units digit of p?
5
Let v be 1 + -2 + -3 + 6. Suppose v*m = -m. What is the tens digit of (m + 1)/1*47?
4
Let n(y) = -7*y**2 - 13*y - 5. Let h(w) = -w**2 - w. Let d(z) = 5*h(z) - n(z). Let f be (-3)/(-9) + (-78)/18. What is the units digit of d(f)?
5
Suppose -455 = -d + 407. What is the units digit of d?
2
Let u = -103 - -107. Suppose u*m + s - 100 = 779, -2*s + 6 = 0. What is the units digit of m?
9
Let z = -587 - -1089. What is the tens digit of z?
0
Let w be (-124)/10 - 2/(-5). Let h = -7 - w. Let o = 7 - h. What is the units digit of o?
2
Suppose 49*i - 42250 = -2854. What is the units digit of i?
4
Suppose 28*n - 29326 = 22334. What is the tens digit of n?
4
Let q(m) = m**3 + 54*m**2 - 192*m - 70. What is the units digit of q(-57)?
7
Let m be -2 + (-21)/(-12) + 158/(-8). What is the units digit of -68*3/(-5) + (-4)/m?
1
Suppose n - 4*u - 46 = 0, -79 = -3*n - 3*u - 1. Suppose 0 = -2*q - q - 5*d + n, 5*d + 10 = 5*q. Suppose 8*o - q = 3*o. What is the units digit of o?
1
Suppose -d - 19 = 12. Let v = 104 - d. What is the units digit of v?
5
Suppose -3 = -s, -2*b + b - 3*s + 422 = 0. What is the tens digit of b?
1
Suppose 5*q = -2*q + 14. What is the units digit of ((-2)/q)/(-1 - (-10)/12)?
6
Let g be -3*((-880)/(-12))/5. Let d = g + 203. What is the tens digit of d?
5
Let v be (-5)/(-15)*381 - -3. Suppose -2*i + 86 = -v. What is the hundreds digit of i?
1
Let c(f) = -9*f**2 + 5*f. Let r(i) = -26*i**2 + 14*i. Let k(m) = 8*c(m) - 3*r(m). Let v be 7*(46/14 + -3). What is the units digit of k(v)?
0
Let d(v) = 6*v + 5. Let b(w) = 13*w + 10. Let z(i) = -4*b(i) + 9*d(i). Let n be z(-3). What is the units digit of 21 - (n*4 - -2)?
3
Let i be (-1)/(3/(-9) - 0). Suppose x + 17 = -i*u - 4, -4*u - 5*x - 28 = 0. What is the tens digit of (-1275)/(-119) + (-2)/u?
1
Let x = -55 + 125. What is the units digit of -3 + (x*2)/4?
2
Let h(f) = f - 7. Let q be h(11). Suppose -5*s + 3*l = -578, s - 2*l - 347 = -2*s. Suppose -p - y + 31 = 0, q*y + 17 = -3*p + s. What is the tens digit of p?
2
Suppose 2*r = 24 - 0. What is the tens digit of (r/10)/((-24)/(-1620))?
8
Let o = -2913 - -7055. What is the units digit of o?
2
Let b(i) = -i**3 - 29*i**2 + 47*i + 41. What is the units digit of b(-32)?
9
Suppose 2*q = -7 + 15. Let t(k) = -23*k - 3. Let v be t(-2). Suppose -4*i - 2*p = -v - 49, -3*p = q*i - 94. What is the tens digit of i?
2
Let m = -57 - -90. Suppose 35*w - m*w = 182. What is the tens digit of w?
9
Let c(j) = j**2 + 5*j + 6. Let p be (-4 - 20/(-8))*4. What is the units digit of c(p)?
2
Suppose 23 = 6*h - 13. Suppose 7*d - 4 = h*d. Suppose 3*w = -d*q + w + 42, q - 3*w = 0. What is the units digit of q?
9
What is the tens digit of 474255/648 + (1 + -2)/(-8)?
3
Let g = 21 + -27. Let j = g + 29. What is the tens digit of j?
2
Let f(q) = -q - 4. Let y be f(-9). Suppose -3*k - y*g - 13 = 0, g + 3 = k - 6. What is the units digit of k?
4
Let p(f) be the third derivative of f**4/24 - 7*f**3/6 - 19*f**2. What is the tens digit of p(17)?
1
What is the tens digit of (1*22/8)/(29/4292)?
